*f - 4*m - 887, -3*m + 1216 = 4*f. Let z = f - -3. What is the remainder when z is divided by 18?
16
Suppose -11502 + 2702 = -100*w. Let q(l) = 2*l - 3*l - 12*l + 1 - 4. What is the remainder when w is divided by q(-2)?
19
Calculate the remainder when 47 is divided by 72/15*20/12.
7
Let c be 4/(-22) - (-140)/(-77). What is the remainder when 49 - 16 - ((3 - -3) + c) is divided by 4?
1
Suppose 3*t + 5*d - d = 175, 3*d + 189 = 3*t. Calculate the remainder when 2130 is divided by t.
56
Let t = 2764 + -2047. Calculate the remainder when t is divided by 61.
46
Let p(d) = -3*d - 3. Let l be p(-1). Let h(t) = t**2 + 8*t - 2. Let g be h(4). Suppose l = -5*x + 161 - g. What is the remainder when 56 is divided by x?
10
Let a(n) = n**3 - 18*n**2 - 36*n - 212. Calculate the remainder when a(21) is divided by 7.
5
Let l(n) = -15*n + 221. Calculate the remainder when 679 is divided by l(3).
151
Let b = 10123 + -10065. Calculate the remainder when 328 is divided by b.
38
Let u(n) = 4*n**3 - 2*n**2 + n - 1. Let b(l) = -l**3 - 10*l**2 - 9*l - 1. Let g be b(-6). Let r = -19 - g. What is the remainder when r is divided by u(2)?
22
Let r = 4195 - 4191. Let m(y) = -y**3 - y**2 + 2. Let q be m(-2). Suppose 5*o + 193 = r*i, -79 = -q*i + 4*i - o. What is the remainder when i is divided by 15?
12
Suppose -3*d + 56 = -10*d. Let r(k) = -k**3 + 14*k**2 - 9*k + 12. What is the remainder when r(13) is divided by (3 - d) + 3*(-4)/(-6)?
12
Let i = -3 - 0. Let l = 25 + i. What is the remainder when l is divided by 14?
8
Let g be (-25)/10*(12/10)/(-1). Suppose g*p = 173 + 346. What is the remainder when p is divided by 22?
19
Let w(l) = 4*l + 39. Let x be w(-15). Let k = x + 19. What is the remainder when 123 is divided by (k/(-4))/((-5)/(-140))?
11
Let y(a) = 3*a**2 - a - 1. Let l(g) = 3*g**2 + 28*g - 47. Suppose -44 = 240*p - 236*p. What is the remainder when y(3) is divided by l(p)?
7
Suppose -280 = 178*s - 185*s. Suppose -367 = -4*z + 57. Calculate the remainder when z is divided by s.
26
Calculate the remainder when ((-291)/(-60) - 2/(-5))/(30/6520) is divided by 300.
241
Let d = 6 + -3. Suppose 5*i = 5*j - 40, d*i = 4*i + 2*j + 2. Calculate the remainder when 97 is divided by -2 + (-1252)/(-36) - i/27.
31
Let q = 2 - 10. Let m be ((-21)/14)/((-1)/(q/(-6))). Suppose -t = -m*t + 3*g + 44, t - 48 = 4*g. Calculate the remainder when t is divided by 11.
10
Let o(g) = -10*g - 102. Let d be o(-9). Calculate the remainder when 31 + (-8)/d*27/(-6) is divided by 5.
3
Let i = 1573 + -1553. What is the remainder when 380 is divided by i?
0
Suppose 0 = 16*c - 4*c - 96. Let u(d) = d**2 + 7*d - 27. Let s be u(c). Let t = s - 66. What is the remainder when t is divided by 19?
8
Suppose -17*u + 13*u = -24. Let n be (-141)/(-1)*(5 - 4). Suppose -4*d = 3*a - n, -a + 32 = 2*d - 13. What is the remainder when a is divided by u?
3
Let w be -3 + 9/(54/84). Suppose -7*i = w*i - 108. Calculate the remainder when 9 is divided by i.
3
Suppose -11*j = -1022 - 166. Let o(z) = z**2 - 3*z + 9. Let y = 2 + 5. Calculate the remainder when j is divided by o(y).
34
Let d = 42359 - 37330. Calculate the remainder when d is divided by 2514.
1
Suppose -5*d - 2*f + 36 = -14, -4*d + 22 = -2*f. What is the remainder when (145/58)/(10/628) is divided by d?
5
Calculate the remainder when ((-60)/3)/(4/(-8))*(-16)/(-2) is divided by 19.
16
Let r(l) = -2*l**2 + 12*l - 28. Let o be r(5). What is the remainder when 4/18 + (o - 91230/(-135)) is divided by 44?
42
Let i be (7 - 6 - -1)/(2/(-6)). Let c = 3 - i. Let y(u) = u**3 - 11*u**2 + 21*u - 8. What is the remainder when 112 is divided by y(c)?
17
Suppose 5*k - 30 = -5. Suppose 271 = k*d + 1276. Let r = 337 + d. What is the remainder when r is divided by 47?
42
Suppose -5*m - 1068 = -4*y, -3*m - 217 = -2*y + 317. Let z = 377 - y. What is the remainder when z is divided by 16?
14
Let g be -6*(-8)/(-3)*(-2 + 1). Let n = 10 - g. What is the remainder when 34 is divided by (-2)/(3/(117/n))?
8
Suppose -3*q + h = 322, -8 = -0*h - 2*h. Let v = 117 + q. Calculate the remainder when 84 is divided by v.
7
Let d = -5 + 32. Suppose -30 = 3*c + d. Let n = 47 + c. Calculate the remainder when 110 is divided by n.
26
Let t(o) = 14*o**2 - 15*o - 747. Calculate the remainder when t(-29) is divided by 49.
45
Suppose 0 = -5*x - 3*z - 19, -5*z + 4*z = -5*x - 27. Calculate the remainder when 114 is divided by (-113)/x + 32/80.
22
Let d(x) = 2*x + 1. Let s be d(2). Let t = s + -1. Suppose -2*b + 61 = b + 8*n - 3*n, 5*n = 25. Calculate the remainder when b is divided by t.
0
Suppose -131*z - 37*z + 86856 = 0. What is the remainder when z is divided by 24?
13
Let d = 26388 + -26219. What is the remainder when 212 is divided by d?
43
Suppose 42 = 7*k - 4*k. Let u(s) = -4*s + 66. What is the remainder when 65 is divided by u(k)?
5
Suppose -5*f + 1350 = -3*c, -4*f + 8*f = 3*c + 1080. What is the remainder when f is divided by 121?
28
Let h(l) = 2*l - 18. Let x be h(6). Let r(d) = 5*d + 5. What is the remainder when r(3) is divided by (-3)/x + (-69)/(-6)?
8
Let h = 49 + 52. Calculate the remainder when h is divided by 220/33 + (30/9 - 2)/(-2).
5
Let k(q) = q**3 - 3*q**2 - 9*q + 11. Suppose 0 = y - 8*y + 14. Let o be y/(8/100*(-5)/(-1)). Calculate the remainder when 109 is divided by k(o).
13
Let x = 27 + -15. Let t be 525/2*(-180)/(-75). Suppose o + t = 10*o. Calculate the remainder when o is divided by x.
10
Suppose 0*y - z = -2*y + 135, 0 = 3*z - 15. Let d = 36602 + -36587. What is the remainder when y is divided by d?
10
Suppose 228998 = 390*b - 138308 + 86896. What is the remainder when b is divided by 240?
239
Suppose -3*o - 5*r + 2*r + 18 = 0, -3*o = 2*r - 17. Suppose -3*v = 12, -195 = -2*a + o*v - 9. What is the remainder when (0 - 2) + a + -1 is divided by 9?
8
Let j = -19815 + 19899. What is the remainder when 101 is divided by j?
17
Suppose 2*m + 0*m - 218 = -3*s, -5*s = m - 354. Let i = -189291 - -189313. Calculate the remainder when s is divided by i.
4
Suppose 5*h + 1317 = -69*b + 72*b, -4*b + 1808 = 2*h. What is the remainder when b is divided by 29?
14
Suppose 0 = 3*x - 10*x - 588. Calculate the remainder when x/((4/(-3))/2) is divided by 27.
18
Let h = -15795 + 15822. Calculate the remainder when 808 is divided by h.
25
Suppose 2 = 3*n + h, -h = -n + 8 - 10. Suppose -z = -j - n*z + 16, z = -5*j + 56. Let u(a) = -7*a - 4. Calculate the remainder when u(-5) is divided by j.
7
Suppose -4*m + 78 - 46 = 0. Suppose m*c = 3*h + 4*c - 58, 3*h + 2*c - 52 = 0. Let u = -27 + 94. Calculate the remainder when u is divided by h.
13
Let o = 95 - 90. Suppose o*v - 196 = v. Calculate the remainder when 244 is divided by v.
48
Suppose 345 = 5*k + 5*r, -4*k + 4809*r - 4810*r + 246 = 0. Let n(d) = -2*d**3 - 7*d**2 - 4*d + 1. What is the remainder when k is divided by n(-4)?
26
Let x = -2880 - -3453. Calculate the remainder when x is divided by 144.
141
Suppose -33*o = -22*o - 3905. Suppose -6*t + 641 = -o. Calculate the remainder when t is divided by 13.
10
Suppose 3*x + 57 = 3*a, 0 = 4*a - 5*x - 5 - 70. Calculate the remainder when 71 is divided by 1/1*(-20)/a - -38.
34
Let g = 75 - 53. Let f(x) = x**3 + 45*x**2 + 41*x + 1406. Calculate the remainder when f(-44) is divided by g.
20
Let r = 17 + 94. Suppose 30*j - 7746 + 276 = 0. Suppose -253*i + 112 = -j*i. Calculate the remainder when r is divided by i.
27
Let b = 43888 + -40764. Calculate the remainder when b is divided by 125.
124
Suppose 45425 = 111*t - 21397. Calculate the remainder when t is divided by 202.
198
Let s(i) = i - 5. Let h be s(7). Suppose 3*a - 15 + 144 = 3*o, -2*a = h*o + 90. What is the remainder when 96 is divided by ((-3)/2)/(2/a)?
30
Let s(x) = -27*x**2 - 2*x - 1. Let o be s(-1). Let c be (2/12 - 3125/(-1050)) + (-12)/(-14). What is the remainder when c/o - (-2292)/26 is divided by 26?
10
Suppose 2*a = 22*f - 25*f + 1500, f - 2*a - 484 = 0. What is the remainder when 992 is divided by f?
0
Suppose -674 + 584 = -10*q. Suppose 3*h - 6 = 0, -4*d + 3*h - 139 = 103. Let o = -27 - d. What is the remainder when o is divided by q?
5
Let f = -1398 + 1407. What is the remainder when 3066 is divided by f?
6
Let i = -2084 - -2134. Calculate the remainder when 335 is divided by i.
35
Calculate the remainder when 579 is divided by 539